{"id":79,"date":"2013-06-10T01:22:05","date_gmt":"2013-06-10T04:22:05","guid":{"rendered":"http:\/\/biucsproject.org\/blog\/?page_id=79"},"modified":"2013-06-13T23:41:40","modified_gmt":"2013-06-14T02:41:40","slug":"preconceito","status":"publish","type":"page","link":"https:\/\/biucsproject.org\/blog\/preconceito\/","title":{"rendered":"Preconceito"},"content":{"rendered":"<p><iframe loading=\"lazy\" src=\"http:\/\/biucsproject.org\/music\/general\/general_109138.htm\" height=\"41\" width=\"68\" frameborder=\"0\" scrolling=\"no\"><\/iframe><\/p>\n<p align=\"center\"><img loading=\"lazy\" decoding=\"async\" class=\"alignright\" alt=\"\" src=\"http:\/\/biucsproject.org\/images\/mv_fire_torch.gif\" width=\"82\" height=\"100\" \/>\u00a0<b><span style=\"font-size: xx-large;\">A Aud\u00e1cia de Enxergar \u00e0 Frente<\/span><\/b><\/p>\n<p align=\"JUSTIFY\">A capacidade de estar \u00e0 frente de seu tempo quase nunca confere ao seu possuidor alguma vantagem. A dureza das sociedades humanas em aceitar certas no\u00e7\u00f5es desmente, n\u00e3o raro, o ditado popular que diz que &#8220;Em terra de cego, quem tem um olho \u00e9 rei&#8221;.<\/p>\n<p align=\"JUSTIFY\">Exemplos, a Hist\u00f3ria \u00e9 pr\u00f3diga em nos apresentar. S\u00f3crates foi obrigado, pela sociedade ateniense, a tomar cicuta, em raz\u00e3o de suas id\u00e9ias. Giordanno Bruno, que concebeu a Terra como um simples planeta, tal como sabemos hoje, foi chamado herege e queimado. Darwin debateu-se contra a incompreens\u00e3o e condena\u00e7\u00e3o de suas id\u00e9ias, mais tarde aceitas.<\/p>\n<p align=\"JUSTIFY\">Ainda hoje, temos exemplos de procedimentos similares. Oscar Arias, presidente da Costa Rica e pr\u00eamio Nobel da Paz, ainda h\u00e1 pouco tempo se debatia contra a sociedade de seu pa\u00eds, que teimava em colocar obst\u00e1culos \u00e0 sua atua\u00e7\u00e3o. Em tempo: o m\u00e9rito de Oscar Arias nem era o de estar \u00e0 frente de seu tempo, mas simplesmente o de analisar os problemas do presente.<\/p>\n<p align=\"JUSTIFY\">Esse mal n\u00e3o ser\u00e1 curado t\u00e3o cedo. Isso porque as pessoas que conseguem enxergar \u00e0 frente apresentam ao homem o que ele odeia desde os tempos imemoriais: a necessidade de rever as pr\u00f3prias convic\u00e7\u00f5es. Enquanto esse \u00f3dio &#8211; ou ser\u00e1 medo? &#8211; n\u00e3o for superado, a humanidade continuar\u00e1 mandando outros &#8220;Giordanno Bruno&#8221; para a fogueira da incompreens\u00e3o e do isolamento. E, ignorando as pessoas de vis\u00e3o, continuar\u00e1 cega para o futuro e para si mesma.<\/p>\n<p>(Texto nota 10 &#8211; FUVEST) &#8220;Autor n\u00e3o divulgado&#8221;<\/p>\n<hr \/>\n<p align=\"JUSTIFY\">&#8220;H\u00e1 um tempo em que \u00e9 preciso abandonar as roupas usadas, que j\u00e1 t\u00eam a forma do nosso corpo, e esquecer os nossos caminhos, que nos levam sempre aos mesmos lugares. \u00c9 o tempo da travessia: e se n\u00e3o ousarmos faz\u00ea-la, teremos ficado, para sempre, \u00e0 margem de n\u00f3s mesmos.&#8221;<br \/>\n(Professor Fernando Teixeira de Andrade)<\/p>\n","protected":false},"excerpt":{"rendered":"<p>\u00a0A Aud\u00e1cia de Enxergar \u00e0 Frente A capacidade de estar \u00e0 frente de seu tempo quase nunca confere ao seu [&hellip;]<\/p>\n","protected":false},"author":2,"featured_media":0,"parent":0,"menu_order":0,"comment_status":"closed","ping_status":"open","template":"","meta":{"footnotes":""},"class_list":["post-79","page","type-page","status-publish","hentry"],"jetpack_sharing_enabled":true,"jetpack_shortlink":"https:\/\/wp.me\/P4gyB8-1h","_links":{"self":[{"href":"https:\/\/biucsproject.org\/blog\/wp-json\/wp\/v2\/pages\/79","targetHints":{"allow":["GET"]}}],"collection":[{"href":"https:\/\/biucsproject.org\/blog\/wp-json\/wp\/v2\/pages"}],"about":[{"href":"https:\/\/biucsproject.org\/blog\/wp-json\/wp\/v2\/types\/page"}],"author":[{"embeddable":true,"href":"https:\/\/biucsproject.org\/blog\/wp-json\/wp\/v2\/users\/2"}],"replies":[{"embeddable":true,"href":"https:\/\/biucsproject.org\/blog\/wp-json\/wp\/v2\/comments?post=79"}],"version-history":[{"count":3,"href":"https:\/\/biucsproject.org\/blog\/wp-json\/wp\/v2\/pages\/79\/revisions"}],"predecessor-version":[{"id":318,"href":"https:\/\/biucsproject.org\/blog\/wp-json\/wp\/v2\/pages\/79\/revisions\/318"}],"wp:attachment":[{"href":"https:\/\/biucsproject.org\/blog\/wp-json\/wp\/v2\/media?parent=79"}],"curies":[{"name":"wp","href":"https:\/\/api.w.org\/{rel}","templated":true}]}}