{"id":389,"date":"2013-07-08T18:03:15","date_gmt":"2013-07-08T21:03:15","guid":{"rendered":"http:\/\/biucsproject.org\/blog\/?page_id=389"},"modified":"2013-07-08T18:24:37","modified_gmt":"2013-07-08T21:24:37","slug":"convictos-e-mentirosos","status":"publish","type":"page","link":"https:\/\/biucsproject.org\/blog\/profecia-social\/convictos-e-mentirosos\/","title":{"rendered":"Convictos e Mentirosos"},"content":{"rendered":"<div style=\"text-align: justify;\">Fico logo arrepiado quando ou\u00e7o algu\u00e9m afirmar: \u201cEstou convencido de que&#8230;\u201d Digo logo para mim mesmo: \u201cCuidado! L\u00e1 vai um inquisidor em potencial!\u201d Convic\u00e7\u00f5es s\u00e3o entidades mais perigosas que os dem\u00f4nios. E o problema \u00e9 que n\u00e3o h\u00e1 exorcismo capaz de expuls\u00e1-las da cabe\u00e7a onde se alojaram, pela simples raz\u00e3o de que elas se apresentam como d\u00e1divas dos deuses. Os rec\u00e9m-convertidos est\u00e3o sempre convictos de que, finalmente, contemplaram a verdade. Da\u00ed a transforma\u00e7\u00e3o por que passam: seus ouvidos, \u00f3rg\u00e3os de audi\u00e7\u00e3o, se atrofiam, enquanto as bocas, \u00f3rg\u00e3os da fala, se agigantam. Quem est\u00e1 convicto da verdade n\u00e3o precisa escutar. Por que escutar? Somente prestam aten\u00e7\u00e3o nas opini\u00f5es dos outros, diferentes da pr\u00f3pria, aqueles que n\u00e3o est\u00e3o convictos de ser possuidores da verdade. Quem n\u00e3o est\u00e1 convicto est\u00e1 pronto a escutar \u2013 \u00e9 um permanente aprendiz. Quem est\u00e1 convicto n\u00e3o tem o que aprender \u2013 \u00e9 um permanente (eu ia dizer \u201cprofessor\u201d. Pe\u00e7o perd\u00e3o aos professores. O professor verdadeiro, acima de todas as coisas que ensina, ensina a arte de desconfiar de si mesmo&#8230;) mestre de catecismo.<\/p>\n<p>(&#8230;) Dizia Nietzsche que \u201cas convic\u00e7\u00f5es s\u00e3o piores inimigos da verdade que as mentiras\u201d. Estranho isso? N\u00e3o. Absolutamente certo. Porque quem mente sabe que est\u00e1 mentindo, sabe que aquilo que est\u00e1 dizendo \u00e9 um engano. Mas quem est\u00e1 convicto n\u00e3o se d\u00e1 conta da pr\u00f3pria bobeira. O convicto sempre pensa que sua bobeira \u00e9 sabedoria.<\/p>\n<p>(ALVES,\u00a0Rubem. Entre a ci\u00eancia e a sapi\u00eancia \u2013 o dilema da educa\u00e7\u00e3o. S\u00e3o Paulo: Loyola, 1999. P.105-6)<\/p><\/div>\n","protected":false},"excerpt":{"rendered":"<p>Fico logo arrepiado quando ou\u00e7o algu\u00e9m afirmar: \u201cEstou convencido de que&#8230;\u201d Digo logo para mim mesmo: \u201cCuidado! L\u00e1 vai um [&hellip;]<\/p>\n","protected":false},"author":2,"featured_media":0,"parent":91,"menu_order":3,"comment_status":"closed","ping_status":"open","template":"","meta":{"footnotes":""},"class_list":["post-389","page","type-page","status-publish","hentry"],"jetpack_sharing_enabled":true,"jetpack_shortlink":"https:\/\/wp.me\/P4gyB8-6h","_links":{"self":[{"href":"https:\/\/biucsproject.org\/blog\/wp-json\/wp\/v2\/pages\/389","targetHints":{"allow":["GET"]}}],"collection":[{"href":"https:\/\/biucsproject.org\/blog\/wp-json\/wp\/v2\/pages"}],"about":[{"href":"https:\/\/biucsproject.org\/blog\/wp-json\/wp\/v2\/types\/page"}],"author":[{"embeddable":true,"href":"https:\/\/biucsproject.org\/blog\/wp-json\/wp\/v2\/users\/2"}],"replies":[{"embeddable":true,"href":"https:\/\/biucsproject.org\/blog\/wp-json\/wp\/v2\/comments?post=389"}],"version-history":[{"count":3,"href":"https:\/\/biucsproject.org\/blog\/wp-json\/wp\/v2\/pages\/389\/revisions"}],"predecessor-version":[{"id":405,"href":"https:\/\/biucsproject.org\/blog\/wp-json\/wp\/v2\/pages\/389\/revisions\/405"}],"up":[{"embeddable":true,"href":"https:\/\/biucsproject.org\/blog\/wp-json\/wp\/v2\/pages\/91"}],"wp:attachment":[{"href":"https:\/\/biucsproject.org\/blog\/wp-json\/wp\/v2\/media?parent=389"}],"curies":[{"name":"wp","href":"https:\/\/api.w.org\/{rel}","templated":true}]}}