{"id":185,"date":"2013-06-10T10:02:53","date_gmt":"2013-06-10T13:02:53","guid":{"rendered":"http:\/\/biucsproject.org\/blog\/?page_id=185"},"modified":"2013-06-14T00:35:12","modified_gmt":"2013-06-14T03:35:12","slug":"sobre-vincent","status":"publish","type":"page","link":"https:\/\/biucsproject.org\/blog\/sobre\/sobre-vincent\/","title":{"rendered":"Sobre Vincent"},"content":{"rendered":"<p><iframe loading=\"lazy\" src=\"http:\/\/biucsproject.org\/music\/general\/about_author_vincent.htm\" height=\"41\" width=\"68\" frameborder=\"0\" scrolling=\"no\"><\/iframe><br \/>\n<img loading=\"lazy\" decoding=\"async\" alt=\"\" src=\"http:\/\/biucsproject.org\/images\/vincent_liopard.jpg\" width=\"154\" height=\"300\" align=\"right\" \/><\/p>\n<p align=\"JUSTIFY\">Vincent \u00e9 uma fic\u00e7\u00e3o que criei, enquanto brincava, quando crian\u00e7a. Para obter todos os dados ao seu respeito visite os endere\u00e7os &#8220;<a href=\"http:\/\/biucsproject.org\/general\/about_author_biucs.htm\">Sobre BIUCS<\/a>&#8221; e &#8220;<a href=\"http:\/\/biucsproject.org\/biucs_project.htm\">Projeto BIUCS<\/a>&#8220;. Neles ser\u00e1 poss\u00edvel obter informa\u00e7\u00f5es sobre quase toda sua hist\u00f3ria. Informa\u00e7\u00f5es tais como as origens do nome completo e data de nascimento.<\/p>\n<p align=\"JUSTIFY\">Inspirado em muitos her\u00f3is, personagens de fic\u00e7\u00e3o, tais como Batman, Conan e Rambo, tamb\u00e9m \u00e9 fruto do comportamento dos personagens interpretados pelos atores: Steven Seagal, Dolph Lundgreen, Jean-Cloud Van Damme e Arnold Schwarzenegger.<\/p>\n<p align=\"JUSTIFY\">Peguei emprestada a maquiagem pesada, do ator &#8220;Ron Perlman&#8221;, da s\u00e9rie americana de &#8220;Richard Franklin&#8221; que transp\u00f4s o conto &#8220;A Bela e a Fera&#8221; para uma vers\u00e3o anos 90. Vincent \u00e9 tudo o que eu gostaria de ser; acabei criando minha pr\u00f3pria hist\u00f3ria e satisfiz minhas fantasias atrav\u00e9s dele.<\/p>\n<hr \/>\n<table width=\"60%\" border=\"0\">\n<tbody>\n<tr>\n<td width=\"100%\">\n<p align=\"justify\"><span style=\"font-size: large;\">A Bela e a Fera<\/span>, de Richard Franklin &#8211; Este \u00e9 o piloto da s\u00e9rie de televis\u00e3o que transp\u00f4s o conto de fadas para os anos 90 e conta como come\u00e7aram as aventuras (e o amor imposs\u00edvel) vividas por uma promotora (Linda Hamilton, a hero\u00edna de\u00a0<i>O Exterminador do Futuro<\/i>) e a estranha criatura com o corpo de modelo, cara de le\u00e3o e alma de cavaleiro medieval.<\/p>\n<p align=\"right\"><b>NOV\/91<\/b><\/p>\n<hr \/>\n<p><b>Diretor\/Roteirista: Ron Koslow<\/b><\/p>\n<p><b>Protagonistas:<\/b><\/p>\n<blockquote>\n<blockquote><p><b>Linda Hamilton como Catherine<br \/>\nRon Perlman como Vincent<\/b><\/p><\/blockquote>\n<\/blockquote>\n<\/td>\n<\/tr>\n<\/tbody>\n<\/table>\n","protected":false},"excerpt":{"rendered":"<p>Vincent \u00e9 uma fic\u00e7\u00e3o que criei, enquanto brincava, quando crian\u00e7a. Para obter todos os dados ao seu respeito visite os [&hellip;]<\/p>\n","protected":false},"author":2,"featured_media":0,"parent":180,"menu_order":1,"comment_status":"closed","ping_status":"open","template":"","meta":{"footnotes":""},"class_list":["post-185","page","type-page","status-publish","hentry"],"jetpack_sharing_enabled":true,"jetpack_shortlink":"https:\/\/wp.me\/P4gyB8-2Z","_links":{"self":[{"href":"https:\/\/biucsproject.org\/blog\/wp-json\/wp\/v2\/pages\/185","targetHints":{"allow":["GET"]}}],"collection":[{"href":"https:\/\/biucsproject.org\/blog\/wp-json\/wp\/v2\/pages"}],"about":[{"href":"https:\/\/biucsproject.org\/blog\/wp-json\/wp\/v2\/types\/page"}],"author":[{"embeddable":true,"href":"https:\/\/biucsproject.org\/blog\/wp-json\/wp\/v2\/users\/2"}],"replies":[{"embeddable":true,"href":"https:\/\/biucsproject.org\/blog\/wp-json\/wp\/v2\/comments?post=185"}],"version-history":[{"count":3,"href":"https:\/\/biucsproject.org\/blog\/wp-json\/wp\/v2\/pages\/185\/revisions"}],"predecessor-version":[{"id":345,"href":"https:\/\/biucsproject.org\/blog\/wp-json\/wp\/v2\/pages\/185\/revisions\/345"}],"up":[{"embeddable":true,"href":"https:\/\/biucsproject.org\/blog\/wp-json\/wp\/v2\/pages\/180"}],"wp:attachment":[{"href":"https:\/\/biucsproject.org\/blog\/wp-json\/wp\/v2\/media?parent=185"}],"curies":[{"name":"wp","href":"https:\/\/api.w.org\/{rel}","templated":true}]}}