{"id":172,"date":"2013-06-10T03:01:05","date_gmt":"2013-06-10T06:01:05","guid":{"rendered":"http:\/\/biucsproject.org\/blog\/?page_id=172"},"modified":"2013-06-14T00:16:16","modified_gmt":"2013-06-14T03:16:16","slug":"olho-do-sapo","status":"publish","type":"page","link":"https:\/\/biucsproject.org\/blog\/ciencia-da-computacao\/olho-do-sapo\/","title":{"rendered":"Olho do Sapo"},"content":{"rendered":"<p><iframe loading=\"lazy\" src=\"http:\/\/biucsproject.org\/music\/general\/computer_science_frog.htm\" height=\"41\" width=\"68\" frameborder=\"0\" scrolling=\"no\"><\/iframe><\/p>\n<p align=\"center\"><b><span style=\"font-size: xx-large;\">O que o olho do sapo diz ao c\u00e9rebro do sapo<\/span><\/b><\/p>\n<p align=\"justify\">O sapo \u00e9 um curioso exemplo de economia visual que impressionou os cibernistas Lettvin, McCuloch, Maturana e Pitts na tese &#8220;O que o olho do sapo diz ao c\u00e9rebro do sapo.&#8221; Essa tese contribuiu tamb\u00e9m para que os pesquisadores McCuloch e Walter Pitts se tornassem famosos, ainda na d\u00e9cada de 40, por teorizarem e conceituarem as chamadas redes neurais artificiais.<img decoding=\"async\" class=\"alignright\" alt=\"\" src=\"http:\/\/biucsproject.org\/images\/eye-computer-chip.jpg\" \/><\/p>\n<p align=\"justify\">Conforme os estudos realizados num sapo, o que o olho diz resulta da soma do que informam as quatro camadas da retina:<\/p>\n<p align=\"justify\">1) A primeira camada detecta apenas contornos pequenos e nitidamente destacados do fundo;<\/p>\n<p align=\"justify\">2) A segunda exige que o objeto seja convexo ou globular;<\/p>\n<p align=\"justify\">3) A terceira s\u00f3 detecta o que estiver em movimento. Assim, o sapo s\u00f3 v\u00ea o que for pequeno, globoso, destacado ao fundo e voando. Se os insetos permanecerem im\u00f3veis, salvar\u00e3o a sua pr\u00f3pria vida e o sapo morrer\u00e1 de fome;<\/p>\n<p align=\"justify\">4) A quarta \u00e9 sens\u00edvel a bruscas diferen\u00e7as de luz e sombra. Esta n\u00e3o \u00e9 mais para a alimenta\u00e7\u00e3o, mas para a sobreviv\u00eancia do sapo. Ela detecta a chegada de algum animal de grande porte que possa esmag\u00e1-lo (de ser engolido ele n\u00e3o tem medo).<\/p>\n<p align=\"justify\">Um comportamento muito parecido ao que se refere \u00e0 alimenta\u00e7\u00e3o tamb\u00e9m foi percebido em outros animais, gaivotas, por exemplo.<\/p>\n","protected":false},"excerpt":{"rendered":"<p>O que o olho do sapo diz ao c\u00e9rebro do sapo O sapo \u00e9 um curioso exemplo de economia visual [&hellip;]<\/p>\n","protected":false},"author":2,"featured_media":0,"parent":159,"menu_order":4,"comment_status":"closed","ping_status":"open","template":"","meta":{"footnotes":""},"class_list":["post-172","page","type-page","status-publish","hentry"],"jetpack_sharing_enabled":true,"jetpack_shortlink":"https:\/\/wp.me\/P4gyB8-2M","_links":{"self":[{"href":"https:\/\/biucsproject.org\/blog\/wp-json\/wp\/v2\/pages\/172","targetHints":{"allow":["GET"]}}],"collection":[{"href":"https:\/\/biucsproject.org\/blog\/wp-json\/wp\/v2\/pages"}],"about":[{"href":"https:\/\/biucsproject.org\/blog\/wp-json\/wp\/v2\/types\/page"}],"author":[{"embeddable":true,"href":"https:\/\/biucsproject.org\/blog\/wp-json\/wp\/v2\/users\/2"}],"replies":[{"embeddable":true,"href":"https:\/\/biucsproject.org\/blog\/wp-json\/wp\/v2\/comments?post=172"}],"version-history":[{"count":2,"href":"https:\/\/biucsproject.org\/blog\/wp-json\/wp\/v2\/pages\/172\/revisions"}],"predecessor-version":[{"id":338,"href":"https:\/\/biucsproject.org\/blog\/wp-json\/wp\/v2\/pages\/172\/revisions\/338"}],"up":[{"embeddable":true,"href":"https:\/\/biucsproject.org\/blog\/wp-json\/wp\/v2\/pages\/159"}],"wp:attachment":[{"href":"https:\/\/biucsproject.org\/blog\/wp-json\/wp\/v2\/media?parent=172"}],"curies":[{"name":"wp","href":"https:\/\/api.w.org\/{rel}","templated":true}]}}