{"id":163,"date":"2013-06-10T02:56:45","date_gmt":"2013-06-10T05:56:45","guid":{"rendered":"http:\/\/biucsproject.org\/blog\/?page_id=163"},"modified":"2013-06-14T00:05:00","modified_gmt":"2013-06-14T03:05:00","slug":"questoes-filosoficas","status":"publish","type":"page","link":"https:\/\/biucsproject.org\/blog\/ciencia-da-computacao\/questoes-filosoficas\/","title":{"rendered":"Quest\u00f5es Filos\u00f3ficas"},"content":{"rendered":"<p><iframe loading=\"lazy\" src=\"http:\/\/biucsproject.org\/music\/general\/computer_science_philosophy.htm\" height=\"41\" width=\"68\" frameborder=\"0\" scrolling=\"no\"><\/iframe><\/p>\n<p align=\"justify\"><span style=\"font-size: x-large;\">10.1 Algumas quest\u00f5es filos\u00f3ficas<\/span><\/p>\n<p align=\"justify\">Talvez uma das tarefas mais dif\u00edceis para um principiante em Ci\u00eancia da Computa\u00e7\u00e3o se refira \u00e0 separa\u00e7\u00e3o entre fic\u00e7\u00e3o cient\u00edfica e ci\u00eancia, e em nenhuma outra parte esta distin\u00e7\u00e3o \u00e9 mais nebulosa do que na \u00e1rea da intelig\u00eancia artificial. Embora a motiva\u00e7\u00e3o principal subjacente a esse assunto seja somente a da constru\u00e7\u00e3o de m\u00e1quinas capazes de avan\u00e7ar em ambientes descontrolados sem necessitar do aux\u00edlio humano (podendo assim servir melhor ao ser humano), a imprensa popular nos faz acreditar que os cientistas da computa\u00e7\u00e3o est\u00e3o se esfor\u00e7ando na constru\u00e7\u00e3o de seres humanos mec\u00e2nicos. Naturalmente, a aura de mist\u00e9rio s\u00f3 \u00e9 aumentada chamando-se o assunto de intelig\u00eancia artificial. Comecemos, portanto, analisando a diferen\u00e7a entre as m\u00e1quinas algor\u00edtmicas modernas e a mente humana.<\/p>\n<p align=\"center\"><img loading=\"lazy\" decoding=\"async\" alt=\"\" src=\"http:\/\/biucsproject.org\/images\/mv_electric_bolt_2.gif\" width=\"500\" height=\"30\" \/><\/p>\n","protected":false},"excerpt":{"rendered":"<p>10.1 Algumas quest\u00f5es filos\u00f3ficas Talvez uma das tarefas mais dif\u00edceis para um principiante em Ci\u00eancia da Computa\u00e7\u00e3o se refira \u00e0 [&hellip;]<\/p>\n","protected":false},"author":2,"featured_media":0,"parent":159,"menu_order":1,"comment_status":"closed","ping_status":"open","template":"","meta":{"footnotes":""},"class_list":["post-163","page","type-page","status-publish","hentry"],"jetpack_sharing_enabled":true,"jetpack_shortlink":"https:\/\/wp.me\/P4gyB8-2D","_links":{"self":[{"href":"https:\/\/biucsproject.org\/blog\/wp-json\/wp\/v2\/pages\/163","targetHints":{"allow":["GET"]}}],"collection":[{"href":"https:\/\/biucsproject.org\/blog\/wp-json\/wp\/v2\/pages"}],"about":[{"href":"https:\/\/biucsproject.org\/blog\/wp-json\/wp\/v2\/types\/page"}],"author":[{"embeddable":true,"href":"https:\/\/biucsproject.org\/blog\/wp-json\/wp\/v2\/users\/2"}],"replies":[{"embeddable":true,"href":"https:\/\/biucsproject.org\/blog\/wp-json\/wp\/v2\/comments?post=163"}],"version-history":[{"count":2,"href":"https:\/\/biucsproject.org\/blog\/wp-json\/wp\/v2\/pages\/163\/revisions"}],"predecessor-version":[{"id":335,"href":"https:\/\/biucsproject.org\/blog\/wp-json\/wp\/v2\/pages\/163\/revisions\/335"}],"up":[{"embeddable":true,"href":"https:\/\/biucsproject.org\/blog\/wp-json\/wp\/v2\/pages\/159"}],"wp:attachment":[{"href":"https:\/\/biucsproject.org\/blog\/wp-json\/wp\/v2\/media?parent=163"}],"curies":[{"name":"wp","href":"https:\/\/api.w.org\/{rel}","templated":true}]}}